(-5).
11
Suppose 4*z = 1690 - 1358. Calculate the remainder when 87 is divided by z.
4
Let v be (2 - -2) + (2 - -7). Let h = v + -15. Calculate the remainder when 7 is divided by 3 + (1 + h - -2).
3
Let h = -26 - -32. Suppose n - h*n + 57 = 4*a, -4*n + 27 = -3*a. What is the remainder when 44 is divided by n?
8
Let i = 184 + -109. Let l = -71 + i. Let s(z) = 19*z - 1. Calculate the remainder when s(1) is divided by l.
2
Let y(f) = -f**3 - 7*f**2 + 37*f - 13. Calculate the remainder when y(-11) is divided by 4/(-10) - (-87)/5.
13
Let l(q) = q**3 - 19*q**2 + 5*q + 0*q**3 + 26*q**2 + 3. Calculate the remainder when 76 is divided by l(-6).
4
Let v(c) = -14*c - 99. Calculate the remainder when v(-26) is divided by 19.
18
Let a(r) = -2*r**2 - 23*r + 73. What is the remainder when 47 is divided by a(-14)?
2
Let u(x) be the second derivative of -4*x + 1/2*x**3 + 0*x**2 + 1/20*x**5 - 1/3*x**4 + 0. Calculate the remainder when 21 is divided by u(4).
9
Let f be 1*((1 - -3) + 5). Suppose -f*a = -4*a - 145. What is the remainder when a is divided by 8?
5
Let f(a) be the third derivative of a**6/30 - 11*a**5/60 + 7*a**4/24 + 7*a**3/6 - 10*a**2 - 2*a. What is the remainder when f(4) is divided by 29?
28
Let z(g) = -14*g - 3. Suppose -7 = 2*f - n - 0, 0 = 5*f - 2*n + 17. Let j be z(f). Suppose -5*p + 164 - j = 0. Calculate the remainder when p is divided by 14.
11
Suppose -3*g + 0*g - 5*m + 47 = 0, -3*m - 33 = -5*g. What is the remainder when 87 is divided by g?
6
Let h(g) = 2*g**2 + 3*g - 2. Let m(b) = 5*b**2 + 15*b - 30. Calculate the remainder when h(-5) is divided by m(2).
13
Let i(d) = -d**3 - d**2 - 1. Let h(f) = 2*f**3 - 3*f**2 - 4. Let q(c) = -h(c) - 3*i(c). Calculate the remainder when 63 is divided by q(-5).
31
Let u(d) = 9*d**2 - 3*d + 1. Let p be u(1). Let z = p - 5. Suppose -2*f + 5*b - 12 = 0, 2*f + b + z = 14. What is the remainder when 18 is divided by f?
2
Suppose -3*w = 3*d - 708, 3*d - 1165 = -2*d - 2*w. Calculate the remainder when d is divided by 63.
42
Let r(w) = -3 + 2*w**2 - 5*w - 8*w**2 + 0*w**3 + 0*w**3 + w**3. What is the remainder when r(7) is divided by 6?
5
Calculate the remainder when 6 - (-98)/(-21)*-21 is divided by 30.
14
Let v(u) be the second derivative of u**5/20 + 7*u**4/12 - 2*u**3 - 10*u**2 - 15*u. Calculate the remainder when 44 is divided by v(-8).
8
Let i = 287 - 185. Suppose -5*f + i = f. Calculate the remainder when f is divided by 10.
7
Let f(m) = 3*m**2 - m - 5. Calculate the remainder when f(-7) is divided by 19.
16
Suppose -2*n - 5*w = -12, -6*w + 2*w + 4 = -4*n. What is the remainder when 1/((-1)/(-38)*2) is divided by (11 + -9)*-7*n/(-2)?
5
Suppose -4*l + 5*v + 80 = 0, 0*v - 33 = -3*l - 3*v. What is the remainder when 178 is divided by l?
13
Let m(u) = u + 4. Let b be m(-4). Suppose b*x - 40 = 5*x. Calculate the remainder when (2/x)/(1/(-148)) is divided by 19.
18
Calculate the remainder when -52 - -165 - (7 + 0) is divided by 36.
34
Let y(t) = -2*t**2 + 9*t - 2. Let f(h) = -5*h**2 + 26*h - 5. Let p(o) = 4*f(o) - 11*y(o). Calculate the remainder when p(4) is divided by -4*(30/(-4) - -4).
12
Let n(v) = 4*v**2 + 3*v - 1. Suppose 5*d - 2*s - 112 = 0, d = 4*s + 10 + 16. Let j = d - -54. What is the remainder when j is divided by n(-3)?
24
Suppose -2 = -4*j + 2. Let o(h) = -h**2 - 2*h + 1. What is the remainder when j is divided by o(-2)?
0
Suppose -3*g + 2*d = -371, -147 = -3*g + 2*g - 4*d. What is the remainder when 761 is divided by g?
126
Let b(k) = k**2 + 3*k - 6. Let z be 2/1*26/(-4) + 3. What is the remainder when b(z) is divided by 13?
12
Let m = -5 + 9. Suppose -54 = -d + m*d. Let f = d + 29. What is the remainder when 40 is divided by f?
7
Suppose -56 = 2*w - 6*w. Let m be 58/w + 11/(-77). What is the remainder when 35 is divided by ((-90)/20)/((-2)/m)?
8
Let g = -123 - -208. What is the remainder when 1272 is divided by g?
82
Suppose 4*s - 1203 + 119 = 4*u, 1086 = 4*s - 2*u. What is the remainder when s is divided by 35?
27
Let j be (-6)/8 + 45/12. Let x = 35 + -30. What is the remainder when x is divided by (-6)/18 + 7/j?
1
Suppose 8*z - 20 = 4. Calculate the remainder when 9 is divided by z.
0
Let c = 14 - 11. Suppose -6*x + 39 = 3*t - c*x, 2*t - 3*x = 21. What is the remainder when 21 is divided by t?
9
Let h(f) = f**3 - 6*f**2 - 26*f - 15. Calculate the remainder when h(10) is divided by 32.
29
Suppose 2*q = 0, -11 = -b - 2*q + 3. Let p(z) = 22*z - 1. Calculate the remainder when p(3) is divided by b.
9
Suppose 0*x - 96 = -4*h + 3*x, 2*h = -2*x + 48. Suppose 2*b + c - 21 = h, -5*b - c = -111. Let r = 53 + 10. What is the remainder when r is divided by b?
19
Let t = 57 + -44. Let a(m) = m**3 + 4*m**2 - m + 1. Let x be a(-4). Suppose 0 = -x*u + 47 + t. Calculate the remainder when 34 is divided by u.
10
Suppose 0 = 3*k + 5*u - 566, 0 = -k + u - 3*u + 189. What is the remainder when 29 is divided by (1 + -4)*k/(-51)?
7
Suppose 352 = -2*j - 2*j. Let p = 19 - -24. What is the remainder when p is divided by 3/((-364)/j + -4)?
21
Suppose 9 = -n + 2*k + 35, -103 = -5*n + k. What is the remainder when n is divided by 13?
7
Let o = 56 - 54. Calculate the remainder when 54 is divided by (o/6*-11)/(3/(-9)).
10
What is the remainder when (776/10)/(-2)*-5 is divided by 371/28 + (-18)/(-24)?
12
What is the remainder when 171 - ((-21 - 3)/(-6) - 4) is divided by 21?
3
Let u be (-1 - (0 + -1))/(-2). Suppose u = -3*w - 2*k + 79, -5*w + 0*k + 3*k + 157 = 0. What is the remainder when w is divided by 11?
7
Calculate the remainder when 19 is divided by 2 + (-4)/2 - -11.
8
Suppose 90 = -6*g + 8*g. Let m = 41 + -25. Calculate the remainder when g is divided by m.
13
Let q(i) = i**3 + 8*i**2 - 8*i - 20. Calculate the remainder when q(-8) is divided by 16.
12
Let t = 23 - 25. What is the remainder when t + -2 - (-54 - 5) is divided by 29?
26
Let a(w) = 3*w - 66. Calculate the remainder when (-2)/5 + (-277)/(-5) is divided by a(27).
10
Let k = -44 - -65. What is the remainder when k is divided by ((-40)/4 + -1)*-1?
10
Let t(y) = -61*y + 1015. What is the remainder when t(13) is divided by 48?
30
Suppose 10*q = -5*o + 6*q + 69, -4*o + 2*q = -50. What is the remainder when o is divided by -2 + -2 - -6 - -6?
5
Let t(q) = 3*q + 4. Let h be t(-3). Let o be (8/(-3))/(h/30). Suppose -r + 38 = -o. Calculate the remainder when r is divided by 28.
26
Let w(t) = 51*t - 13. Suppose -5*s = l - 119, 0 = 8*s - 3*s + 4*l - 116. What is the remainder when w(3) is divided by s?
20
Suppose -108*h + 710 + 1692 = -838. What is the remainder when h is divided by ((-16)/10)/((-2)/10)?
6
Suppose u + 2*u + 2*n = 22, 5*u - 5*n = 45. Let l = u + -8. Suppose l = -2*o + 7 + 85. Calculate the remainder when o is divided by 16.
14
Let y(k) = -k**2 + 16*k - 14. Suppose -24 + 3 = -2*m + t, -5*m - 4*t + 59 = 0. Calculate the remainder when y(m) is divided by 14.
13
Calculate the remainder when 312 is divided by 1*6/(-57) - (-118932)/1007.
76
Let j = 45 + -16. What is the remainder when j is divided by (91 - 93)/((-2)/8)?
5
Let h(t) = 2 - 3*t - t**3 - 6*t - 2*t + 15*t + 2*t**2. What is the remainder when 139 is divided by h(-3)?
34
Let q be (-2)/9 - (-380)/171. Let m(p) = -3*p + 0*p - 24 - q*p. Calculate the remainder when m(-7) is divided by 7.
4
What is the remainder when (-3)/(-6) - 3672/(-48) is divided by 21?
14
Suppose 2*c - 4*r = 20, 2*c - 25 = c + 5*r. Suppose c = -2*q - 3*q + 365. Let f = -17 - -36. What is the remainder when q is divided by f?
16
Let n be 3*1*(-28)/(-12). Let a be 132/11 - 0/(-2 + 1). Let x = a - n. Calculate the remainder when x is divided by 4.
1
Suppose -26 = 4*s + 34. Let p(z) = -z**3 - 14*z**2 + 14*z + 1. What is the remainder when 57 is divided by p(s)?
9
Let j(m) = -4*m**2 - 81*m - 40. Calculate the remainder when j(-16) is divided by 44.
12
Let l(k) = k**2 + k - 2. Let r = -4 - -4. Let b be l(r). Let o = 3 + b. Calculate the remainder when 1 is divided by o.
0
Suppose -23*n + 5*n + 630 = 0. Calculate the remainder when 96 is divided by n.
26
Suppose -64*x = -5824 - 12160. Calculate the remainder when x is divided by 85.
26
Let o = -73 - -75. Suppose t - 7 = -2, b - 35 = o*t. What is the remainder when b is divided by 31?
14
Let u be (-1)/(((-3)/(-2))/(-3)). Let r be ((-160)/(-100))/(u/(-60)). Let o = -24 - r. What is th